
2
Let b(o) be the second derivative of o**5/10 - o**4/12 + 2*o**3/3 + o**2/2 + 2*o - 91. Calculate b(-3).
-74
Let z(a) be the second derivative of -a**5/120 - 11*a**4/24 - 5*a**3/6 + a - 16. Let s(i) be the second derivative of z(i). Let w = 1 + -1. Calculate s(w).
-11
Let g(m) = 2*m + 4. Let t = -58 + 90. Let q be 24/t + 209/4. Let v = q + -58. Calculate g(v).
-6
Let p = -21 - -20. Let c(a) = 7 + 10 - 4*a**3 - 18 + 2. What is c(p)?
5
Let i = 409 - 406. Let b(a) = 4*a - i*a - 7 + 5*a**2 + 0 + 2 + a**3. What is b(-4)?
7
Let i(b) = 10*b - 525. Let a be i(53). Let w(s) = 2*s**3 - 10*s**2 + 2*s - 3. Calculate w(a).
7
Let j(p) = 23*p + 348. Let k = 31857 - 31872. Give j(k).
3
Let b(i) be the first derivative of 26 - 11*i + 1/2*i**2. Let c(r) = -r. Let a be c(-5). Determine b(a).
-6
Let j(b) = b**2 + 3*b - 171. Let a be j(-15). Let c(w) = -w**2 + 3*w + 5. Let k(y) = y + 1. Let r(d) = -c(d) - 5*k(d). Determine r(a).
-1
Let u(p) be the third derivative of -p**6/120 + p**5/12 - p**4/6 - p**3/2 + 29*p**2 + 19*p - 4. Let x = -16 - -26. Let q be 4/x + 36/10. Determine u(q).
-3
Let f(t) = -t**2 + t - 2. Let l(h) = -5*h + 11. Let r be l(2). Let u(i) = 19*i**2 - 8*i + 11. Let w(v) = r*u(v) + 6*f(v). What is w(-1)?
14
Let y(q) = -224*q - 200*q + 859*q - 216*q + q**2 - 226*q. Let h be 6/4*20/6. Calculate y(h).
-10
Let j(m) be the second derivative of -m**3/6 - 4*m**2 - m. Let r = -90 + 97. Let c(k) = -2*k**2 + 11*k + 16. Let i be c(r). Give j(i).
-3
Let m(b) = -884*b + 49 - b**3 - 6*b**2 + 914*b - 21*b**2. What is m(-28)?
-7
Let c(f) be the third derivative of -f**4/6 - 2*f**2. Let l(n) = 5*n**3 - n**2 + 4*n - 8. Let h be l(2). Suppose h - 117 = -27*p. Determine c(p).
-12
Let z(q) = -24*q**2 - 20*q - 23*q**2 - 21*q**2 + 69*q**2 + 18 + 4*q. Let u = 30 - 15. Determine z(u).
3
Suppose -4*a - 4*o + 328 = 0, 10 + 10 = 5*o. Let l(p) = -4*p + p**3 - 2*p**3 - 71*p**2 + a*p**2 - 8. Let t(f) = -13*f + 84. Let y be t(6). What is l(y)?
4
Let c be (-3)/48*2 + (-12)/(-96). Suppose 4*g + 125 = 5*a, -3*a + 5*a - 5*g - 67 = c. Suppose -12*l = -9*l - a. Let b(f) = 4*f - 8. Determine b(l).
20
Let g(l) = -2*l**2 + 66*l - 4. Let q(p) = p**2 - 13*p + 1. Let n(h) = -g(h) - 5*q(h). Give n(1).
-5
Let m = 406 + -360. Let i be 1035/m*(-4)/(-10). Let l(z) be the second derivative of z**3/3 - 13*z**2/2 - 2*z. Calculate l(i).
5
Let r(q) = q + 12. Suppose 4*j - 12 = -0*j, 0 = -x + 3*j + 165. Suppose -x*c = -181*c + 35. What is r(c)?
17
Let t(l) = l**3 - l**2 - 13*l + 5. Let u be t(4). Let g(b) = 7*b - 1. Let r(v) = -1. Let d(x) = g(x) + r(x). Determine d(u).
5
Let m(t) = 5080*t - 5079*t - 4*t**2 - 16 + 22 + t**3. Determine m(5).
36
Let l(j) = -j**2 + j - 22316 - 7*j**3 + 2*j**3 + 22315. Suppose 3*n + 2 = -7. Let g be (n - 57/(-18))*6. Give l(g).
-6
Let z be (-46)/(-184) - ((-5)/(-4) + 0) - -3. Let g(y) = 24*y - 6. Give g(z).
42
Let o(q) = -18*q - 31. Let s(p) = -2*p**3 + 83*p**2 + 40*p + 82. Let z be s(42). Let f be o(z). Let l(h) = 4*h + 4. Determine l(f).
24
Let a(d) = 42*d**2 - 629*d - 1. Let k be a(15). Let i(m) = 6*m - 37. What is i(k)?
47
Let z(m) = m**2 + 25*m - 41. Suppose -4*v + 4*i - 113 - 7 = 0, -2*v = 2*i + 48. Determine z(v).
13
Suppose 4*o = -y - 7, 91*o - 90*o = 3*y - 5. Let f(p) = 4*p**2 + 2*p - 2. Give f(y).
4
Let l be (-234 + 227)*2/(-2). Let w(c) = 11*c - 34. Determine w(l).
43
Let t = -246 - -248. Let x(m) = -m**3 + 75 - 36 + 6*m**t - 31 + 2*m. Calculate x(6).
20
Suppose 3*z + 4 = 7*z + 2*w, 2*w + 2 = -2*z. Suppose -5*m - 2*d = -4, 5*d = 3*m + 3 - 24. Let g(i) = 1 + 12*i - m*i**2 - z*i - 12*i + i**3. What is g(3)?
1
Suppose -1098 = -25*w - 158*w - 0*w. Let h(n) = n**2 + 7*n - 5. Let y be h(-8). Let v(f) = 2 + 6*f - 1 - y - 7*f**2 + f**3. Give v(w).
-2
Let l(y) be the second derivative of y**5/20 - y**2 + 66*y. Let v be l(0). Let f(w) = w - 4*w**3 - 3*w + 3*w**3 - 2*w**2. Calculate f(v).
4
Suppose -8 + 26 = -9*w. Let z(k) = -1132*k - 3*k**2 - 1 + 6*k**2 + 5*k**2 + 1131*k. Calculate z(w).
33
Let d(r) = 52*r. Suppose -266 + 82 = -74*a - 18*a. Calculate d(a).
104
Let i(y) = y**2 + 19*y + 23. Suppose -35*f - 44*f = -99 + 1126. What is i(f)?
-55
Let q(l) = -38*l + 9. Let w(b) = 55*b - 10. Let r(y) = 6*q(y) + 4*w(y). Give r(0).
14
Let i(d) = 80*d + 476. Let p be i(-6). Suppose 2 = -2*t + 4. Let m = t - p. Let q(h) = 3*h - 6. Determine q(m).
9
Let j(z) = -40*z**2 + 135*z - 113. Let c(b) = -14*b**2 + 45*b - 39. Let o(l) = -14*c(l) + 5*j(l). Determine o(11).
-8
Let y(r) = -2*r**2 - r. Suppose -2*p - 3086 = -3084. Calculate y(p).
-1
Let u(o) be the third derivative of -o**4/8 - 9*o**3/2 + 1714*o**2. What is u(-3)?
-18
Let n(d) = -3*d**3 + 2*d**3 + 251*d + 0*d**2 - 2*d**2 - 483*d + 242*d. Give n(-5).
25
Suppose 3 + 2 = 5*k. Let f(m) = -k - 4*m - 5 - m + 5. Let j(q) = -4*q. Let v(s) = -3*f(s) + 4*j(s). Calculate v(4).
-1
Let x(w) = -3*w**3 + 2*w**2 + 10*w + 10. Let c(v) = -43*v**3 + 28*v**2 + 140*v + 144. Let o(p) = -2*c(p) + 29*x(p). Calculate o(-2).
-2
Let g(b) be the second derivative of b**4/6 - 2*b**3/3 - 2*b**2 + b - 316. Calculate g(-1).
2
Let w be (-4 + -3)*(2 - 8/7). Let d be ((-186)/26 - w/39)*-1. Let i(o) be the second derivative of -o**5/20 + 7*o**4/12 - o**3/3 + o**2/2 - 3*o. Calculate i(d).
-13
Let f(l) be the first derivative of l**4/12 - l**3 - 57*l + 103. Let i(s) be the first derivative of f(s). Let p be (-8)/20 + (-74)/(-10). Calculate i(p).
7
Suppose 0 = -0*b + 5*b + 60. Let n(v) = -v - 12. Let y be n(b). Suppose y = -0*w - w + 6. Let z(p) = p**2 - 6*p - 3. Give z(w).
-3
Let c(f) = -13*f - 269. Let q(n) = n**3 - 6*n**2 - 155*n + 29. Let h be q(-10). Give c(h).
4
Suppose -23*r + 19*r = -5*m - 160, -m - 120 = -3*r. Suppose -4*j = -0*j - 2*p + r, -3*p + 6 = 0. Let q(c) = -c**3 - 8*c**2 + 7*c - 1. Calculate q(j).
17
Let j(b) = -b**2 + 11*b + 4. Let z be (-1)/2*(-8)/1. Suppose -z*g + 85 - 49 = 0. Give j(g).
22
Suppose 0 = -7*a + 8*a + 1. Let m be a - (21 - 16/4). Let c = 23 + m. Let i(z) = z**2 - 6*z + 1. Calculate i(c).
-4
Let g(h) = h + 11. Let i(c) be the second derivative of -c**5/20 - 5*c**4/12 + 3*c**3/2 + c**2 - 2*c - 43. Let w be i(2). Give g(w).
3
Let v(y) = -59*y + 19*y + 16*y - 13 + 27*y. What is v(-17)?
-64
Let y(g) be the third derivative of g**6/120 - g**5/15 + g**4/8 + g**3/6 + g**2. Suppose -397*q + 39 = 3*k - 402*q, -12 = -2*k + q. What is y(k)?
1
Let d = -5 + 1. Let r(c) be the third derivative of -c**6/360 - c**5/30 + 7*c**4/4 + 43*c**2. Let g(j) be the second derivative of r(j). Calculate g(d).
4
Let p(x) = -x**3 - 4*x**3 + 1 - 5*x**3. Let m = 397 - 398. What is p(m)?
11
Let p(y) = 58*y**2 - 5*y - 8. Let v(l) = 81*l**2 - 8*l - 13. Let m(a) = -7*p(a) + 5*v(a). What is m(-5)?
-9
Let x(c) = 21 - c - 10 + 0*c - 3*c**2 - 9 - 3 - c**3. Let d be ((-12)/8)/(9/(-60)). Let h = d - 13. Give x(h).
2
Let s(w) = 66*w**2 - 71*w**2 - 2*w - 9 + 6*w + w. Let m(q) = 4*q**2 - 4*q + 8. Let i(x) = 6*m(x) + 5*s(x). Suppose 0 = l - 4*o, 0 = l - 3*o - 2*o. Give i(l).
3
Let b(h) = -h**3 + h**2 + 2*h - 2. Suppose -28 + 4 = -6*u. Suppose k + j - 9 = -0*k, -u*j = 4. Suppose 0 = -w - 4*w + k. Give b(w).
-2
Let j(i) = -13 + 46 - 65*i + 54*i + 8*i. Give j(8).
9
Let z be 3 - 1/(4 - 3). Let h(q) = 3*q + 6 - 4*q + z*q. Let s be (-14)/4*60/35. Calculate h(s).
0
Let u be (6/21 - 0) + (-84)/(-49). Let x be (3/u + -2)*(-308)/(-22). Let y(c) = -c - 3. Calculate y(x).
4
Let x(q) = 2*q**2 + 4*q - 1. Let d(m) = 143*m + 717. Let t be d(-5). Determine x(t).
15
Let g(f) = -f**3 + 11*f**2 - 11*f + 14. Let c = 396 + -386. What is g(c)?
4
Let q be 7/(3 + -4)*(-6)/21. Let b(t) = t**2 + 1. Let i be b(q). Suppose -i = -l - 5. Let c(v) = -v + 11. Determine c(l).
11
Let l(n) = -16*n**3 - 21*n**2 + 22*n - 16. Let h be 8 - (3 - (-64)/4). Let q(m) = -3*m**3 - 4*m**2 + 4*m - 3. Let b(f) = h*q(f) + 2*l(f). Calculate b(-2).
1
Let y(n) = -4*n**3 - n**3 - 4*n + 5*n**2 - n + 4*n**3. Let z(g) = -g**3 + 5*g**2 - 4*g + 4. Suppose -q - 6*q = -28. Let r be z(q). Give y(r).
-4
Let l(v) be the third derivative of v**6/120 + 7*v**5/60 + 5*v**4/12 + v**3/6 - 64*v**2 + 9. Calculate l(-4).
9
Suppose 5*i - 2*i = 45. Suppose -4*v - i = -43. Let z(k) be the first derivative of 3*k**2/2 - 9*k + 1362. What is z(v)?
12
Let s(m) = 45*m**2 - 76*m - 53. Let z(b) = 38*b**2 - 74*b - 51. Let p(k) = -5*s(k) + 6*z(k). Determine p